5*o + 6. Let x be s(0). What is the greatest common divisor of x and 30?
6
Suppose 30 = 7*m - 2*m. Let t(o) = o**3 - 10*o**2 - 12*o - 2. Let u be t(11). Let w = u + 28. Calculate the greatest common factor of w and m.
3
Let l = -22 + 33. What is the greatest common divisor of l and 44?
11
Suppose 2*i + 3*i = 335. Suppose 0 = 3*w - i - 362. Let q = 4 + 9. Calculate the greatest common factor of q and w.
13
Suppose 3*y = -2*z + 113, -5*y + 0*y + 210 = -z. What is the greatest common divisor of 164 and y?
41
Let g be (32/(-12))/((-4)/54). What is the highest common factor of g and 9?
9
Let k(x) = -4*x - 2. Let f be k(-6). Let o = 32 - f. What is the greatest common factor of o and 4?
2
Suppose -18*g = -13*g - 150. What is the greatest common factor of 15 and g?
15
Suppose -2*z + 47 = -5*h, 2*h - 132 = -z - 4*z. Let x = 44 - z. Calculate the highest common divisor of 18 and x.
18
Suppose 17 = 3*a - 1. Calculate the greatest common divisor of 96 and a.
6
Let c(t) = -12*t - 39. Let l be c(-6). What is the highest common divisor of l and 11?
11
Suppose 6*r - 49 = r + 3*o, -o = 2*r - 13. Suppose -10*u = -r*u - 130. What is the highest common divisor of 13 and u?
13
Let p(o) = 3*o - 3. Let g be p(2). Let i = 2 + g. Suppose 0 = -3*j + i*f + 85 + 246, -4*j - 4*f = -452. What is the greatest common factor of 14 and j?
14
Let b = 5 - 3. Suppose 0 = z + b*c - 1, 4*c = -4*z + 10 + 2. Suppose 0 = 2*o + f - 61, 5*o - z*f - 87 = o. Calculate the greatest common divisor of o and 7.
7
Suppose 4*q + 451 = 3*y, 2*q + 2 + 0 = 0. Let d = -104 + y. Calculate the highest common divisor of 30 and d.
15
Let j = 11 + -1. Calculate the greatest common factor of j and 10.
10
Let o be 6/(-15) - 934/(-10). Calculate the greatest common divisor of o and 31.
31
Suppose -6*t + 4*t + 78 = 0. What is the greatest common divisor of t and 156?
39
Let o = 137 + -74. What is the greatest common divisor of o and 7?
7
Suppose -2*z - 4*h + 10 = -6, -4*z + 52 = 4*h. Suppose -3*b + 0*b = 5*y - z, -b - y = -8. Calculate the greatest common divisor of b and 22.
11
Suppose 5*m - 4*d = 660, -3*d = 2*m - 76 - 211. What is the greatest common factor of m and 17?
17
Let y = 29 + -20. Let p = 21 + y. Calculate the greatest common factor of 45 and p.
15
Let f be -3 + (0 - 1) + 3. Let k(z) = 3*z**2 + 2*z + 1. Let a be k(f). Let q be (-30)/a*(-42)/10. Calculate the highest common factor of q and 7.
7
Let h = -2 - -4. Suppose h*o = -0*o + 14. Calculate the greatest common divisor of 7 and o.
7
Suppose -2*f + 0 = 4*y + 4, 0 = 2*f + 3*y + 1. Calculate the greatest common factor of f and 28.
4
Suppose v - 35 = -5*k, 0 = 2*v + 4*k - 6*k - 94. What is the greatest common factor of 5 and v?
5
Let f = 383 + -243. What is the highest common factor of f and 56?
28
Suppose -5*r + 107 = -453. Calculate the greatest common factor of 16 and r.
16
Let u = -1 + 1. Suppose u = 3*v - 8*v + 375. Calculate the greatest common factor of v and 30.
15
Let x = 76 + -49. Suppose -4*a = -0*a + 40. Let q = a + 19. What is the greatest common divisor of q and x?
9
Let a be (-3 + (-12)/(-8))*-36. Calculate the highest common divisor of a and 6.
6
Suppose 4*z - 119 + 35 = -4*u, 0 = -3*z + 3*u + 93. Let f = 7 + 3. Suppose -v + 115 = 3*c - 82, 5*v - f = 0. Calculate the highest common factor of c and z.
13
Let i be (2/(-7))/(3/(-21)). Let r(j) = -6*j**3 + j. Let k be r(-1). What is the highest common factor of i and k?
1
Suppose 3*d - 2*d + 12 = 0. Let t be 2/8 - 81/d. Suppose -97 = -3*s + 50. What is the highest common factor of s and t?
7
Let m = 98 - -6. Let q(j) = 3*j**2 + 3*j - 5. Let a be q(2). What is the highest common factor of a and m?
13
Let k = 1 + 9. Suppose -w + 4*x = -6*w - k, 20 = 5*w - 2*x. Suppose -2*l - w*v = 2*v - 6, 3*l = 5*v + 53. Calculate the greatest common divisor of l and 11.
11
Suppose l + 2*g + 0 + 6 = 0, 2*l = 2*g. Let m(s) = -22*s + 1. Let t be m(l). Calculate the greatest common factor of 9 and t.
9
Suppose -4*z + 3*f = 5*f + 6, 5*z - 3*f = 9. Suppose 2*h = -z*h + 180. What is the greatest common factor of 36 and h?
18
Let y be 7 - (-2 - -1)*1. Let f(c) = c + 36. Let o be f(0). Suppose -4*d - 2*b = -152, 0*d - d = b - o. Calculate the highest common factor of d and y.
8
Let i = -3 + 15. Let j be i - 3 - 1/(-1). What is the highest common divisor of 90 and j?
10
Let o = 8 + -4. Suppose 65 = o*c - 7. Suppose -5*l - 46 = -181. What is the highest common divisor of l and c?
9
Suppose 4*a + 3*d = 37, -4*a + 3*d = -0*d - 43. Suppose 120 = -f + 5*f. What is the highest common divisor of a and f?
10
Let j(x) = -24*x + 8. Let i be j(-6). Suppose -h = -i - 10. Calculate the greatest common divisor of h and 18.
18
Suppose -5*r - 4*s + 505 = 0, -2*r = -0*s + s - 205. Suppose 0*c - 3*c = -15. Suppose 28 + 77 = c*p. What is the highest common factor of p and r?
21
Let n(d) = 5*d**2 + 2*d - 7. Let m be n(4). What is the greatest common factor of m and 9?
9
Let h(b) = 3*b**2 + 12*b + 42. Let q be h(-5). Calculate the greatest common divisor of q and 38.
19
Let a be (2/4)/(3/102). Suppose 5*z = 5*h + 29 + 71, 0 = h - 2*z + a. Let d be -1 + (0 - h*1). What is the greatest common factor of 11 and d?
11
Suppose -2*t = -7*t + 50. Calculate the greatest common divisor of 4 and t.
2
Let o be (4 - 6)/((-1)/2). Suppose 0 = -4*u + 4*a + 32, -o*a = -3*u + a + 14. What is the greatest common factor of 143 and u?
13
Let w(a) = -a**3 - 5*a**2 - 3*a + 6. Let i be w(-5). Suppose 0 = -5*t - 4*n + 945, -945 = -5*t - 0*t - 3*n. Calculate the highest common divisor of t and i.
21
Let k = 178 - 136. What is the greatest common factor of k and 7?
7
Let s(r) = 3*r**3 - 3*r**2 - 2*r. Let g be s(6). Suppose 2*u = -u + g. What is the highest common factor of 16 and u?
16
Let z = 43 - 3. Let k(m) = -m**3 + 4*m + 3. Let c be k(-2). Suppose 5*h - 53 = q, -4*h + 24 = c*q - 7. Calculate the highest common factor of h and z.
10
Let b be 5/(10/144)*1. Suppose -5*k - 2*d - 3*d + 20 = 0, 0 = -5*k - 2*d + 5. Let n be k/4 + 33/4. Calculate the highest common factor of b and n.
8
Let z(a) = a**3 - a**2 + a + 96. Let t be z(0). Let h be 1/(-2)*-66 - 1. Calculate the greatest common divisor of t and h.
32
Suppose -2*h + 165 + 91 = 0. Let l be (-16)/((-2)/(1 - -1)). Calculate the greatest common factor of l and h.
16
Suppose 0 = -3*g + g - 2*d + 128, 0 = -3*g - d + 196. Calculate the highest common divisor of 165 and g.
33
Let a(q) = 23*q + 1. Let c be a(-1). Let v = c - -9. Let b = 30 + v. Calculate the greatest common factor of 68 and b.
17
Let b(t) = t + 2. Let o be b(0). Suppose 3 = -w + 5*i, -9 = 4*w - 9*w + i. What is the highest common divisor of o and w?
2
Suppose 4 = n + 1. Let t(f) = -31*f - 14. Let s(z) = -6*z - 3. Let i(d) = 11*s(d) - 2*t(d). Let w be i(-5). Calculate the greatest common factor of n and w.
3
Let u = 1 + 2. Let b(d) = d**3 - 6*d**2 - 17*d + 8. Let w be b(8). Suppose 0 = u*c - w*c - 3. What is the highest common divisor of c and 2?
1
Suppose 5*d - 3*d - 7 = -c, -3*d + 3*c = 12. Let r = 7 - d. Let w = r + -2. What is the highest common divisor of w and 12?
4
Suppose 9*c - 5*c = 8. Suppose -5*q + 2*h = -435, q + c*q - 2*h = 265. Suppose -4*y + 211 = 75. Calculate the greatest common factor of q and y.
17
Let i(f) = -f**3 + 8*f**2 - 12*f + 9. Let u be i(6). Calculate the highest common factor of 9 and u.
9
Let k be 7*(-2 - -17)/1. What is the highest common divisor of 15 and k?
15
Suppose 32 = 2*x - 0*x. Let c = x + -7. Calculate the greatest common factor of 72 and c.
9
Suppose -k = -3*c - 1, -5*k + c - 9 + 70 = 0. Calculate the greatest common factor of 143 and k.
13
Let f(m) = -m**2 - 11*m - 15. Let z be f(-11). Let p be (z/6)/((-4)/80). Calculate the greatest common factor of p and 20.
10
Suppose 2*a = -0*a + 4. Suppose -a*g - 2*g + 3*i + 18 = 0, g - 8 = -i. Calculate the highest common factor of g and 18.
6
Let n = -464 - -679. What is the highest common factor of n and 43?
43
Suppose -5*b = -5*q + 50, -q - 16 = 4*b - 46. Let n be q + -3 + -3 + 6. What is the greatest common divisor of 21 and n?
7
Let c be 20280/(-52)*((-3)/2)/3. Calculate the greatest common factor of 15 and c.
15
Let o = 18 + -12. Let s = o + -6. Suppose 4*m - 35 - 229 = s. Calculate the highest common divisor of m and 6.
6
Let m(v) = v**3 - 4*v**2 - 2*v